t y(m) = 227*m + 1. Give y(0).
1
Let w(c) = -2*c**3 + 7*c**2 - 8*c + 15. Determine w(2).
11
Let l(q) = q**2 - 10*q - 27. Give l(12).
-3
Let v(f) = 4*f**2 + 5*f - 8. Calculate v(-3).
13
Let c(m) = -m**3 - 4*m**2 + 3*m + 5. Determine c(-4).
-7
Let b(l) = 2*l**2 - 5*l - 13. Determine b(-4).
39
Let o(d) = 5*d**2 + 42*d - 7. Give o(-8).
-23
Let g(b) = -b + 18. Give g(5).
13
Let u(f) = -56*f - 2. Give u(-1).
54
Let k(o) = 2*o + 1. What is k(-5)?
-9
Let z(h) = h**3 + 12*h**2 + 12*h + 7. What is z(-11)?
-4
Let q(y) = 23*y - 97. Calculate q(5).
18
Let v(b) = -3*b - 4. Calculate v(-3).
5
Let a(t) = t**3 + 5*t**2 + 2*t. What is a(-4)?
8
Let s(r) = 8*r - 4. What is s(4)?
28
Let d(r) = -r**2 - 22*r - 55. Determine d(-19).
2
Let w(p) = -15*p - 5. What is w(-4)?
55
Let w(i) = i**2 - 19*i + 61. Calculate w(13).
-17
Let s(x) = x**2 + 22*x + 125. Give s(-11).
4
Let d(u) = -6*u + 6. Give d(0).
6
Let w(a) = -7*a - 4. What is w(-6)?
38
Let r(p) = -23*p**2 - p. Calculate r(-1).
-22
Let b(l) = -5*l + 125. Calculate b(16).
45
Let v(w) = w**3 + 14*w**2 - 3*w - 34. Calculate v(-14).
8
Let q(v) = 2*v**2 - 13*v + 12. Give q(5).
-3
Let x(j) = j**2 - 60*j - 326. Give x(65).
-1
Let i(b) = b**2 - 3*b - 6. Calculate i(5).
4
Let l(z) = -14*z + 441. Calculate l(32).
-7
Let q(w) = -w**3 - w**2 + w + 19. What is q(0)?
19
Let l(d) = d**3 + 12*d**2 + 15*d + 5. What is l(-11)?
-39
Let w(m) = -m**3 - 12*m**2 - 6*m + 7. Determine w(-12).
79
Let x(w) = w**3 + 2*w**2 - 8*w - 23. What is x(-3)?
-8
Let l(w) = -w - 24. Determine l(7).
-31
Let p(f) = f**3 + 24*f**2 - 50*f + 54. Give p(-26).
2
Let p(n) = -n**3 + 9*n**2 + 20*n - 22. Determine p(11).
-44
Let j(u) = -3*u**3 - 28*u**2 + 2*u + 107. Give j(-9).
8
Let x(z) = z**2 - 44*z + 87. Give x(2).
3
Let p(s) = -s**2 - 3*s + 12. Determine p(4).
-16
Let u(h) = -30*h**2 - 239*h + 10. Calculate u(-8).
2
Let t(g) = -g**3 - 16*g**2 + 2*g + 26. Calculate t(-16).
-6
Let k(m) = -2*m + 24. Give k(13).
-2
Let a(d) = d**3 - d**2 - 1. Determine a(2).
3
Let j(d) = -2*d**2 + 21*d + 2. Determine j(9).
29
Let u(x) = -5*x**2 - 8*x - 2. What is u(-1)?
1
Let d(s) = -s**2 + 8*s - 10. Give d(7).
-3
Let p(b) = 42*b - 13. Determine p(1).
29
Let c(f) = 20*f + 194. Determine c(-10).
-6
Let c(p) = -p - 18. What is c(6)?
-24
Let k(r) = -r**3 - 5*r**2 + 9*r - 2. Give k(-7).
33
Let z(l) = 9*l**3 + 7*l**2 + 2*l + 2. Determine z(-1).
-2
Let s(m) = m**2 + 7*m + 7. What is s(-7)?
7
Let o(f) = -f**3 - 14*f**2 + 16*f + 13. Calculate o(-15).
-2
Let r(w) = -w**2 - 6*w - 4. Calculate r(-5).
1
Let l(o) = o**3 + 7*o**2 - 5*o + 24. Determine l(-8).
0
Let a(b) = -b + 3. Give a(15).
-12
Let n(a) = -7*a - 2. Determine n(-7).
47
Let a(l) = -2*l**2 - 1. Determine a(5).
-51
Let k(j) = j - 4. Give k(8).
4
Let p(k) = -46*k - 157. Calculate p(-4).
27
Let o(a) = -a - 21. Calculate o(-19).
-2
Let y(z) = 14*z**2 - 2*z. Calculate y(1).
12
Let c(s) = s**2 + 2*s - 31. Calculate c(-5).
-16
Let h(m) = m**3 - 6*m**2 - 12*m - 40. What is h(8)?
-8
Let n(h) = h**3 + 3*h**2 + 6*h + 8. Give n(-2).
0
Let h(a) = -4*a + 3. Calculate h(3).
-9
Let f(r) = -r**2 - 21*r + 31. Calculate f(-22).
9
Let a(x) = 2*x + 10. What is a(7)?
24
Let x(h) = h**3 + 11*h**2 - h + 21. Calculate x(-11).
32
Let v(g) = g**3 + 3*g**2 - 3*g - 4. Give v(-3).
5
Let a(z) = -z**2 - 6*z - 1. What is a(-8)?
-17
Let z(g) = 2*g + 24. Calculate z(-11).
2
Let r(q) = -q**3 + 27*q**2 + 26*q + 29. Determine r(28).
-27
Let l(p) = 12*p - 2. What is l(1)?
10
Let p(r) = -r + 16. Determine p(8).
8
Let c(p) = 3*p - 9. Give c(4).
3
Let z(t) = t**2 + 12*t + 36. Determine z(-5).
1
Let f(w) = -w**3 - 4*w**2 + 5*w - 13. What is f(-7)?
99
Let s(m) = m**3 + 6*m**2 + 14. Determine s(-8).
-114
Let v(c) = -5*c**2 + 3*c + 4. Give v(5).
-106
Let m(k) = -k**2 - 2*k + 15. Give m(-4).
7
Let f(j) = j**2 - 7*j - 16. What is f(8)?
-8
Let c(b) = -b**3 + 7*b**2 + 6*b - 14. Calculate c(8).
-30
Let m(o) = -2*o**3 - 101*o**2 - 46*o + 200. Determine m(-50).
0
Let m(h) = h**2 + 4*h + 1. What is m(-4)?
1
Let h(y) = -6*y**3 + y**2 + 1. What is h(1)?
-4
Let s(m) = 5*m + 32. Calculate s(-9).
-13
Let s(y) = 2*y**2 + 18*y + 15. Calculate s(-6).
-21
Let x(g) = 45*g + 1300. Calculate x(-29).
-5
Let j(a) = a**3 + 14*a**2 + 28*a - 49. Calculate j(-11).
6
Let c(j) = -3*j - 3. Give c(-1).
0
Let u(n) = -n**3 - 5*n**2 - n - 2. Give u(-4).
-14
Let k(m) = -m - 1. What is k(7)?
-8
Let x(d) = -5*d - 89. Calculate x(-18).
1
Let g(b) = b**2 + 12*b + 2. Determine g(-12).
2
Let n(a) = -4*a - 8. What is n(-5)?
12
Let c(m) = 4*m**3 - 1. What is c(1)?
3
Let a(y) = 4*y + 8. What is a(11)?
52
Let y(x) = 9*x + 62. Calculate y(-6).
8
Let f(s) = -6*s + 51. Give f(10).
-9
Let x(j) = j**2 - 26*j + 152. Calculate x(17).
-1
Let y(r) = r**3 + 14*r**2 - 31*r + 8. Calculate y(-16).
-8
Let r(q) = q**3 - 12*q**2 - 17*q + 34. Determine r(13).
-18
Let n(k) = -k**2 - 29*k + 36. Calculate n(-31).
-26
Let d(v) = v**3 - 4*v**2 + 49*v - 137. Give d(3).
1
Let h(r) = r**3 + 5*r**2 + 5*r - 3. Determine h(-4).
-7
Let m(x) = -2*x + 6. Calculate m(3).
0
Let o(x) = x**3 + 11*x**2 + 2*x + 5. Determine o(-11).
-17
Let t(h) = h**2 - 9*h + 7. Determine t(8).
-1
Let k(r) = 4*r - 4. What is k(-4)?
-20
Let x(c) = c**2 - 2*c + 5. Calculate x(3).
8
Let c(x) = -x**3 + 6*x**2 + 6*x - 4. Give c(6).
32
Let k(f) = -6*f + 21. Give k(5).
-9
Let z(g) = g**3 + 8*g**2 + 9*g - 8. What is z(-7)?
-22
Let p(l) = l**2 + 17*l + 23. Calculate p(-16).
7
Let y(s) = s**2 + 10*s + 5. Calculate y(-9).
-4
Let r(s) = s**2 - 16*s + 32. Give r(5).
-23
Let h(g) = g**3 + 9*g**2 - 11*g + 13. Determine h(-10).
23
Let q(v) = v - 1. Calculate q(1).
0
Let y(j) = 2*j**2 + 16*j + 5. Give y(-8).
5
Let r(u) = 144*u + 295. Determine r(-2).
7
Let c(h) = 2*h + 7. What is c(-17)?
-27
Let k(z) = z**3 + 23*z**2 + 23*z + 19. Calculate k(-22).
-3
Let q(t) = t + 2. What is q(-4)?
-2
Let v(b) = 2*b**2 + 64*b + 444. Determine v(-22).
4
Let d(n) = 6*n**3 - 2*n - 1. Give d(-1).
-5
Let y(p) = p**3 + 7*p**2 - 6*p + 15. Give y(-8).
-1
Let o(g) = g**2 + 11*g - 22. Give o(-14).
20
Let d(w) = -w**2 + 22*w - 15. What is d(21)?
6
Let l(j) = j**3 - 16*j**2 - 7. Give l(16).
-7
Let v(x) = x**2 + 29*x - 24. Determine v(-30).
6
Let q(h) = -h**3 + 5*h**2 - 2*h + 12. Determine q(5).
2
Let l(m) = m**2 - 9*m + 16. Calculate l(2).
2
Let d(v) = v**2 + 39*v + 150. Give d(-35).
10
Let d(q) = q**3 - 11*q**2 - 10*q - 18. Give d(12).
6
Let n(s) = s**3 - 22*s**2 + 21*s + 1. What is n(21)?
1
Let k(l) = -l**2 - 37*l - 40. What is k(-35)?
30
Let g(j) = -j + 5. Determine g(7).
-2
Let f(l) = -3*l**2 - 38*l - 4. Calculate f(-11).
51
Let x(k) = k**3 - 4*k**2 - 1. Calculate x(2).
-9
Let i(a) = 22*a - 164. What is i(7)?
-10
Let j(t) = -4*t + 3. Calculate j(6).
-21
Let k(j) = 13*j + 138. What is k(-12)?
-18
Let y(k) = -k**2 - 6*k - 5. Give y(-3).
4
Let a(t) = -t**3 - 24*t**2 - 2*t - 45. Give a(-24).
3
Let a(j) = -5*j + 6. Calculate a(4).
-14
Let x(q) = 6*q - 132. Give x(23).
6
Let x(i) = -i**3 + 13*i**2 - 13*i - 2. Determine x(12).
-14
Let z(g) = g**3 - 43*g**2 + 3*g - 115. Determine z(43).
14
Let f(g) = g**2 + 2*g + 1. Determine f(-4).
9
Let k(g) = 2*g. What is k(-2)?
-4
Let v(a) = -a**2 - 12. Calculate v(0).
-12
Let x(h) = -5*h + 2. What is x(-4)?
22
Let v(w) = 2*w**3 + 7*w**2 - 17*w - 11. What is v(-5)?
-1
Let n(g) = -g**3 - 2*g - 3. What is n(-1)?
0
Let l(k) = -2*k + 15. Give l(-11).
37
Let p(i) = i**2 + i + 6. What is p(-5)?
26
Let m(l) = l - 42. What is m(4)?
-38
Let f(j) = -j**2 - 8*j - 15. Give f(-10).
-35
Let c(j) = 14*j + 261. What is c(-19)?
-5
Let v(t) = -7*t**2 + 16*t + 5. Calculate v(3).
-10
Let k(l) = -6*l**2 + 21*l - 23. Determine k(4).
-35
Let x(s) = 14*s. What is x(0)?
0
Let b(h) = h**3 + 6*h**2 - 7*h - 13. Give b(-7).
-13
Let a(r) = -r**2 - 36*r - 140. Give a(-5).
15
Let m(v) = 4*v + 13. Determine m(15).
73
Let o(l) = -l**2 - 11*l - 22. Give o(-7).
6
Let a(p) = 2*p**3 - p**2 - 3*p - 5. What is a(-2)?
-19
Let x(k) = -k**2 + 6*k + 105. Determine x(-6).
33
Let i(q) = -6*q - 15. Calculate i(-16).
81
Let s(g) = g**3 - 28*g**2 - 29*g + 1. Calculate s(29).
1
Let y(x) = x + 31. Give y(-32).
-1
Let x(b) = 5*b - 7. What is x(2)?
3
Let u(r) = 24*r + 90. Calculate u(-4).
-6
Let p(l) = -l**2 - 2*l + 4. Calculate p(4).
-20
Let o(i) = 12*i + 135. Determine o(-12).
-9
Let x(g) = g**3 - 6*g**2 - 8*g - 3. Determine x